 the prime factors of 208736452?
2, 337, 154849
What are the prime factors of 933813362?
2, 523, 892747
List the prime factors of 31960869.
3, 19, 23, 24379
What are the prime factors of 741337049?
741337049
List the prime factors of 25435726.
2, 29, 59, 7433
List the prime factors of 12276626.
2, 6138313
What are the prime factors of 3394102424?
2, 424262803
What are the prime factors of 361337523?
3, 37, 3255293
List the prime factors of 163547814.
2, 3, 193, 141233
What are the prime factors of 1061510798?
2, 137, 311, 12457
List the prime factors of 152263113.
3, 1733, 29287
List the prime factors of 95422705.
5, 7, 2726363
What are the prime factors of 174641028?
2, 3, 14553419
What are the prime factors of 422623453?
7, 71, 850349
What are the prime factors of 4292368947?
3, 17, 28054699
List the prime factors of 78617360.
2, 5, 523, 1879
What are the prime factors of 1042660917?
3, 12872357
List the prime factors of 348337988.
2, 443, 196579
List the prime factors of 728584150.
2, 5, 7, 631, 3299
List the prime factors of 167408334.
2, 3, 317, 29339
What are the prime factors of 179511569?
179511569
List the prime factors of 3102059505.
3, 5, 206803967
List the prime factors of 2825924904.
2, 3, 11, 83, 42989
What are the prime factors of 64534851?
3, 7170539
List the prime factors of 592424071.
71, 8344001
List the prime factors of 46710741.
3, 7, 11, 433, 467
List the prime factors of 715482450.
2, 3, 5, 529987
What are the prime factors of 293632907?
293632907
What are the prime factors of 4009117526?
2, 2004558763
List the prime factors of 688579916.
2, 37, 4652567
List the prime factors of 169073388.
2, 3, 11, 109, 3917
What are the prime factors of 59492875?
5, 13, 31, 1181
What are the prime factors of 5219965545?
3, 5, 347997703
What are the prime factors of 4094714537?
17, 29, 8305709
List the prime factors of 1206453971.
269, 4484959
What are the prime factors of 23005158?
2, 3, 11, 348563
List the prime factors of 1982723763.
3, 23, 173, 166099
What are the prime factors of 554518478?
2, 17, 181, 90107
What are the prime factors of 59778496?
2, 934039
What are the prime factors of 5494199148?
2, 3, 152616643
List the prime factors of 743829002.
2, 7, 53130643
What are the prime factors of 3948510667?
1459, 2706313
List the prime factors of 488141759.
7, 2179, 32003
List the prime factors of 440784018.
2, 3, 149, 2029
List the prime factors of 126441687.
3, 257, 163997
List the prime factors of 52137471.
3, 17379157
List the prime factors of 303742798.
2, 43, 227, 15559
List the prime factors of 54739964.
2, 59, 163, 1423
What are the prime factors of 334956864?
2, 3, 11, 158597
List the prime factors of 111740367.
3, 37246789
What are the prime factors of 5156925098?
2, 13, 37, 439, 12211
What are the prime factors of 139053059?
2341, 59399
What are the prime factors of 3311914367?
3311914367
What are the prime factors of 284285577?
3, 17, 997, 5591
List the prime factors of 222377133.
3, 11, 23, 29, 10103
What are the prime factors of 45794552?
2, 5724319
List the prime factors of 53364059.
7, 7623437
List the prime factors of 41659933.
7, 5951419
List the prime factors of 109168503.
3, 36389501
List the prime factors of 56766229.
13, 4366633
List the prime factors of 2944847259.
3, 19, 107, 1987
List the prime factors of 1111529064.
2, 3, 1061, 43651
List the prime factors of 22462157.
22462157
What are the prime factors of 2948634574?
2, 2551, 577937
List the prime factors of 1852866335.
5, 370573267
List the prime factors of 585979544.
2, 41, 1277, 1399
What are the prime factors of 240730343?
7, 4079, 8431
List the prime factors of 74768451.
3, 24922817
What are the prime factors of 596426210?
2, 5, 101, 179, 3299
What are the prime factors of 62153111?
62153111
List the prime factors of 3171662811.
3, 367, 106693
What are the prime factors of 211613654?
2, 7, 17, 71, 1789
What are the prime factors of 4138232366?
2, 37, 43, 35149
List the prime factors of 847583036.
2, 211895759
List the prime factors of 2334352027.
7, 19, 3083, 5693
What are the prime factors of 1950613?
7, 31, 89, 101
List the prime factors of 775186317.
3, 86131813
What are the prime factors of 54284608?
2, 7, 121171
List the prime factors of 12527915.
5, 109, 127, 181
What are the prime factors of 326343716?
2, 83, 787, 1249
What are the prime factors of 231703278?
2, 3, 4423, 8731
What are the prime factors of 1800852078?
2, 3, 499, 601487
List the prime factors of 640804.
2, 160201
List the prime factors of 151751798.
2, 11, 1879, 3671
What are the prime factors of 37780817?
17, 109, 20389
What are the prime factors of 635968142?
2, 443, 717797
What are the prime factors of 3404549?
3404549
List the prime factors of 879401048.
2, 151, 727981
What are the prime factors of 2180041397?
83, 26265559
List the prime factors of 1078981217.
9281, 116257
What are the prime factors of 544313091?
3, 7, 25919671
List the prime factors of 2714228641.
19, 313, 456403
What are the prime factors of 1241789213?
7, 19, 193, 6911
What are the prime factors of 716109974?
2, 317, 1129511
List the prime factors of 129785298.
2, 3, 67, 322849
What are the prime factors of 118002468?
2, 3, 1543, 6373
List the prime factors of 3524491420.
2, 5, 176224571
What are the prime factors of 839869887?
3, 17, 31, 167, 3181
What are the prime factors of 33630401?
7, 29, 165667
What are the prime factors of 123030751?
17, 7237103
List the prime factors of 4107913100.
2, 5, 79, 519989
List the prime factors of 39604082.
2, 7, 29, 97547
List the prime factors of 145923275.
5, 5836931
What are the prime factors of 74476685?
5, 269, 55373
What are the prime factors of 1658029544?
2, 31, 6685603
List the prime factors of 98219408.
2, 7, 31, 28289
What are the prime factors of 744808573?
17, 31, 953, 1483
What are the prime factors of 174304955?
5, 11, 19, 166799
List the prime factors of 234518844.
2, 3, 7, 31, 113, 797
What are the prime factors of 1739860481?
29, 173, 346793
What are the prime factors of 3554172450?
2, 3, 5, 67, 117883
What are the prime factors of 21213637?
17, 1247861
List the prime factors of 88345173.
3, 7, 1901, 2213
What are the prime factors of 1924419234?
2, 3, 419, 863, 887
List the prime factors of 79517194.
2, 17, 137573
List the prime factors of 22733285.
5, 83, 54779
List the prime factors of 5942800997.
7, 9973, 12161
What are the prime factors of 28711886?
2, 7, 2050849
What are the prime factors of 11833161?
3, 3944387
What are the prime factors of 214875301?
41, 1949, 2689
What are the prime factors of 646355675?
5, 7, 919, 4019
List the prime factors of 71849566.
2, 3301, 10883
List the prime factors of 138530295.
3, 5, 3078451
What are the prime factors of 5418146106?
2, 3, 3581, 28019
What are the prime factors of 3230524057?
37, 87311461
What are the prime factors of 15433794?
2, 3, 41, 6971
List the prime factors of 7736653158.
2, 3, 13, 37, 2680753
What are the prime factors of 569675798?
2, 59, 293, 16477
What are the prime factors of 1292232689?
11, 43, 307, 809
What are the prime factors of 34109890?
2, 5, 3410989
What are the prime factors of 2676862852?
2, 4933, 135661
List the prime factors of 71338076.
2, 233, 76543
List the prime factors of 15348661.
15348661
List the prime factors of 4808159804.
2, 7, 171719993
What are the prime factors of 1038463707?
3, 8819, 39251
What are the prime factors of 1250876701?
181, 6910921
What are the prime factors of 96540251?
257, 375643
What are the prime factors of 80063979?
3, 31, 43, 20021
List the prime factors of 3278930792.
2, 389, 599, 1759
What are the prime factors of 40435201?
40435201
What are the prime factors of 2255940232?
2, 7, 13, 3098819
What are the prime factors of 1204346450?
2, 5, 109, 137, 1613
List the prime factors of 152192279.
17, 8952487
What are the prime factors of 704855902?
2, 352427951
What are the prime factors of 8291746?
2, 4145873
What are the prime factors of 9471121?
11, 227, 3793
What are the prime factors of 991375941?
3, 41, 8059967
List the prime factors of 159940644.
2, 3, 53, 193, 1303
What are the prime factors of 124343671?
53, 2346107
What are the prime factors of 778422438?
2, 3, 19, 2276089
What are the prime factors of 184698427?
184698427
List th